its digit of t?
2
Let b(k) = -k**3 - 9*k**2 - 22*k + 4. What is the tens digit of b(-7)?
6
Suppose 2 - 6 = -4*m. Let c(w) = 15*w**3 - w**2 + w. What is the tens digit of c(m)?
1
Let g be (-1)/(-3) - 1455/(-9). Let t be (-6)/(-10) - g/(-5). Suppose 0 = -0*q - 3*q + t. What is the units digit of q?
1
Suppose -1 = -3*x + 3*s + 11, 0 = -4*s. Suppose 2*o - 52 = -x*m, -2*m + 4*o = 7*o - 34. What is the units digit of m?
1
Suppose 2*p + p + 136 = 4*v, -2*v + 3*p + 68 = 0. What is the units digit of v?
4
Let j(v) = 17*v**2 + 6*v - 3. What is the tens digit of j(2)?
7
What is the units digit of (-146)/(-8) - (-6)/(-24)?
8
Let b be 1 + -2 + (-8)/(-2). Let p(a) = -7*a**b + 3*a + 6*a**3 - a + 3. What is the units digit of p(-2)?
7
Let g = -30 + 56. What is the tens digit of g?
2
Let i = 24 + 50. What is the units digit of i?
4
Let l(r) = 2*r**2 - 5*r - 2. Let b be l(5). Let f be 12/(-54) + (-94)/(-18). Suppose 5*v - 3 + b = f*s, 2*s = v + 9. What is the units digit of s?
5
Let q = -32 + 23. Let l = -5 - q. Suppose 3*y + 2*a - l*a - 16 = 0, -3*a = -4*y + 21. What is the units digit of y?
6
Let u = 19 - 13. Suppose q + b = 4, 4*b - 2 = -u. Suppose 3*w - 41 - 33 = -5*z, -q*z + 77 = 4*w. What is the units digit of z?
3
Let x(d) = d**2 - 7*d - 5. Let u(m) = -m**2 + 6*m. Let c be u(3). What is the units digit of x(c)?
3
Let m = 10 - -4. What is the tens digit of m?
1
Let r = 38 + -19. What is the units digit of r?
9
Let t = 1 - -1. Suppose b = t*b - 19. What is the tens digit of b?
1
Suppose -64*v - 220 = -68*v. What is the units digit of v?
5
Suppose -p + 5*p + 12 = 0. Let m be (-58)/p*12/8. Let g = m + -18. What is the tens digit of g?
1
Let v(c) = -3*c**3 + 4*c**3 + 6 + 3 - 5. Let z be v(0). Suppose 0 = -2*l + 4*l - 4, 0 = z*q - 5*l - 58. What is the units digit of q?
7
Let y = 163 - 111. What is the units digit of y?
2
Let q(m) = m + 6*m**2 + m - 4 + 3. Let t(g) = g**2. Let l(r) = q(r) + t(r). What is the units digit of l(1)?
8
Suppose -3*d + 2*j - 6 = -j, 10 = -3*d + 4*j. Suppose 2*v = g - d*v - 16, -3*g + 24 = -4*v. What is the units digit of g?
4
Let g be (-2)/8 - (-244)/16. Let c = 25 - g. What is the tens digit of c?
1
Let z be (-1)/(1/(-10)*2). Let w = z - 2. Suppose w*a - 9 = -n, -7*n = -3*n + a - 25. What is the units digit of n?
6
Suppose -3*f - 27 = -9. Let u = 12 + f. What is the units digit of u?
6
Suppose 3*n + 0*n = 0. Let t(k) = -k**3 + 5*k**2 + 7*k + 5. Let l be t(6). Suppose n*q + q = l. What is the units digit of q?
1
Suppose -2*b = -0*b. Let k = b - -1. What is the units digit of (-27)/(-4) - k/(-4)?
7
Let d(g) be the third derivative of g**5/60 + g**4/3 + 11*g**3/6 + 4*g**2. What is the units digit of d(-9)?
0
Let k = 40 + -28. Let f be (0 + 0/2)/(-1). Let r = k - f. What is the units digit of r?
2
Let h(b) = -b + 11. Let z be h(5). Let a(w) = -w**2 + 7*w - 2. Let u be a(z). Suppose -3*o + 3*s + 0 = -36, u*o = -3*s + 41. What is the tens digit of o?
1
What is the tens digit of -4 + (-36)/(-10) + 1654/10?
6
Let u(g) = 5*g. Let c be u(2). Suppose -z + 2 = -c. What is the units digit of z?
2
Suppose 48*p - 1372 = 41*p. What is the tens digit of p?
9
Let z be 0/((3 + -2)*-3). Suppose -4*x = -z*x. Suppose x = -3*t + 16 + 17. What is the tens digit of t?
1
Let a = -204 - -357. What is the hundreds digit of a?
1
Let w = 5 + 0. Suppose m - w + 0 = 0. Suppose 2 = 3*t - m*p - 11, -4*p - 11 = -3*t. What is the units digit of t?
1
Let v = -1 - -2. Let u(r) = r - 2. Let h(w) = 5*w - 11. Let f(q) = -2*h(q) + 11*u(q). What is the units digit of f(v)?
1
Let g = 5 - 1. What is the units digit of g?
4
What is the units digit of 14*(2 + 2/(-4))?
1
Let c(r) = r**3 - 2*r**2 - 3*r. Let d be c(3). Suppose 3*v - l - 30 = 0, d*l + 5*l = -5*v + 30. What is the units digit of v?
9
Let k = 6 - 0. Let r(h) = -h**2 + 6*h + 2. Let w be r(k). What is the units digit of w/4 + (-85)/(-10)?
9
Let p = 6 - -1. Let w(t) = t**3 - 6*t**2 - 6*t - 3. Let y be w(p). Suppose y*r - 4 = 3*r. What is the units digit of r?
4
Let u = 9 + -4. Suppose 0 = -u*f + m + 4*m + 140, m = 4*f - 118. What is the tens digit of f?
3
Let s(m) = -7*m - 2. Let t be s(-2). Suppose -x + 3*x = t. What is the units digit of x?
6
Let x = -15 - -11. Suppose p = -p + 3*q - 43, -q - 9 = p. Let n = x - p. What is the tens digit of n?
1
Suppose 0 = -l - 2*l + 12. Suppose -l*f = -5*f + 12. What is the tens digit of f?
1
Let l be (-19)/(-3) - 4/12. Let f be 15/l + (-1)/(-2). Suppose 0 = -2*m + f + 9. What is the units digit of m?
6
What is the units digit of (37/(-3))/((-5)/15)?
7
Let d(j) = -j**2 - j + 6. Let m be d(3). Let g = m - -12. What is the units digit of g?
6
Suppose 2 = y - h - 3, 0 = 3*y - 5*h - 11. Suppose 2*k = y*k - 15. Suppose -2*n = 0, k*m - 5*n = -n + 15. What is the units digit of m?
5
Let i(q) be the third derivative of 3*q**2 + 0*q**5 + 1/24*q**4 - 1/120*q**6 + 5/6*q**3 + 0 + 0*q. What is the units digit of i(0)?
5
Suppose 3*t = 12*t - 1404. What is the tens digit of t?
5
Let c be 0/(-1) + -1 + 4. Suppose q - 4*r + 10 = -c, 1 = 3*q - 2*r. Let v(n) = -n**3 + 5*n**2 - 2*n - 1. What is the tens digit of v(q)?
1
Let u = -21 + 71. What is the units digit of u?
0
Let l(r) = -2*r + 7. Let h be l(-6). Let y = -8 + h. What is the units digit of y?
1
Let x = 10 - 8. What is the units digit of (-623)/(-91) - x/(-13)?
7
Let a(j) = -18*j + 5. Let s(o) = -6*o + 2. Let u(y) = -3*a(y) + 8*s(y). Suppose -3*m = 2*h - 4*h - 13, 12 = -3*m - 3*h. What is the units digit of u(m)?
7
Suppose 2*s + 118 = t, -118 = -t + s - 0*s. What is the hundreds digit of t?
1
Let z(b) = -b**2 - 6*b - 12. Let w(l) = -3*l**2 - 18*l - 35. Let t(g) = -6*w(g) + 17*z(g). Let r be t(-5). What is the units digit of r*14/2 - 1?
6
Let i(j) = j**3 - 4*j**2 - 4*j + 3. Let l be i(3). Let c = l - -9. What is the units digit of c/2*30/(-9)?
5
Let g = -15 - -18. What is the tens digit of 291/12 - g/(-4)?
2
Let b be (0 + 3)*(-2)/(-3). Suppose b*a = -a + 18. What is the units digit of a?
6
Suppose -l + 150 = -49. What is the hundreds digit of l?
1
Suppose 0 = 5*l + 3*q - 18, -5*q + 3 - 7 = -3*l. What is the units digit of l?
3
Let w(u) = -6*u**2 - 1 - 7*u + 0 - 24*u. Let z(p) = p**2 + 6*p. Let n(g) = -2*w(g) - 11*z(g). What is the tens digit of n(6)?
1
Suppose 19*o - 4549 = 2063. What is the units digit of o?
8
Let z(q) = q**2 - 3*q - 3. Let v be z(3). Let i be (-4)/6*(-12)/8. What is the units digit of i/v - 28/(-3)?
9
Let d = 17 + -12. Let r = 10 - d. What is the units digit of r?
5
Let p(v) = -v**2 + 6*v - 2. Let i be p(5). Suppose -i*q = -14 - 7. Suppose -2 = 2*k - 6, f - 4*k = q. What is the tens digit of f?
1
Let p(a) = 2*a + 91. What is the units digit of p(0)?
1
Let z(m) = 63*m**3 - m. What is the units digit of z(1)?
2
Let z be (2 - 2) + 1 + 2. Suppose 1 + z = 4*f. What is the units digit of f?
1
Let x(o) = o**2 + 2*o - 5. What is the units digit of x(6)?
3
Suppose b = 6 + 15. Let g be (-15)/(-10)*(-44)/6. Let i = g + b. What is the units digit of i?
0
Suppose 22*w - 18*w = 476. What is the tens digit of w?
1
Let v = 4 - 3. Let u = 3 + v. Suppose -u - 4 = -4*s. What is the units digit of s?
2
What is the tens digit of (-3)/((-9)/10)*9?
3
What is the units digit of (-15)/(-3)*(-101)/(-5)?
1
Let y = -3 - -4. Let o = -1 - y. Let p = o - -4. What is the units digit of p?
2
Let b = -30 + 56. What is the tens digit of b?
2
Let j = -10 + 67. What is the units digit of j?
7
Let q = -5 - -5. Suppose -j - 2 + 13 = q. What is the units digit of j?
1
Let h(y) = 3*y - 7. Let d be 34*(2 - (-6)/(-4)). Let q = -12 + d. What is the units digit of h(q)?
8
Let b = 34 + -14. Let s be -3*(-15)/9 - 0. Suppose -5*q = -2*a, b = s*q + a + a. What is the units digit of q?
2
Let v(a) = 6*a - 3*a**2 - 3*a**3 + 3*a + 2 + 2*a**3 - a**2. What is the units digit of v(-6)?
0
Let p be (-28)/(-6) + 2/6. Suppose 5*z + 25 = c - 4*c, -4*c - z = p. What is the units digit of 3 + (9 - c/(-3))?
2
Let t(c) = 10*c - 57. What is the tens digit of t(9)?
3
Suppose -5*z - 60 = -3*s, s + 0*s - 2*z = 21. Suppose -s + 3 = -2*x. What is the units digit of x?
6
Suppose 0*u = -2*u + 10. Suppose -3*m - 4 = -5*y + u, -2*m = -y - 1. What is the units digit of (-1)/y - 57/(-9)?
6
Let a(q) = q**2 + 8*q - 7. Let w be a(-9). Let r = w - -3. Suppose 0 = r*v - 17 + 2. What is the units digit of 